factor of 1836 and 34.
34
What is the highest common factor of 435 and 60?
15
Calculate the highest common factor of 205 and 2829.
41
What is the greatest common divisor of 39 and 3159?
39
What is the highest common divisor of 70 and 50?
10
What is the highest common factor of 4640 and 435?
145
What is the greatest common factor of 208 and 572?
52
What is the greatest common factor of 162 and 18?
18
What is the highest common divisor of 162 and 342?
18
What is the greatest common divisor of 4 and 39?
1
What is the highest common factor of 992 and 144?
16
What is the greatest common divisor of 195 and 416?
13
Calculate the highest common divisor of 762 and 6.
6
Calculate the highest common divisor of 42 and 2934.
6
What is the greatest common factor of 12 and 1038?
6
What is the highest common factor of 13 and 69329?
13
Calculate the greatest common factor of 803 and 365.
73
Calculate the greatest common factor of 1001 and 693.
77
Calculate the highest common divisor of 1492 and 1.
1
Calculate the highest common factor of 1 and 11.
1
Calculate the highest common divisor of 936 and 54.
18
What is the greatest common divisor of 39 and 611?
13
What is the greatest common divisor of 12 and 76?
4
Calculate the highest common divisor of 60 and 588.
12
What is the highest common factor of 320 and 340?
20
What is the highest common divisor of 287 and 41?
41
Calculate the greatest common divisor of 30 and 150.
30
Calculate the greatest common divisor of 22 and 22.
22
Calculate the highest common divisor of 65 and 208.
13
Calculate the greatest common divisor of 150 and 61050.
150
What is the greatest common divisor of 79 and 2291?
79
Calculate the highest common factor of 1022 and 14.
14
Calculate the greatest common factor of 1 and 447.
1
Calculate the greatest common divisor of 11 and 341.
11
Calculate the highest common divisor of 9752 and 552.
184
What is the greatest common factor of 12 and 2253?
3
What is the highest common divisor of 210 and 140?
70
Calculate the highest common factor of 76 and 1235.
19
Calculate the greatest common divisor of 2678 and 39.
13
Calculate the greatest common factor of 670 and 10.
10
Calculate the greatest common divisor of 475 and 399.
19
Calculate the greatest common divisor of 38 and 38.
38
Calculate the greatest common factor of 26488 and 28.
28
Calculate the greatest common divisor of 4 and 153.
1
What is the highest common factor of 175 and 450?
25
Calculate the highest common factor of 62 and 62.
62
Calculate the greatest common factor of 5625 and 180.
45
What is the highest common divisor of 442 and 52?
26
Calculate the highest common divisor of 70 and 4585.
35
What is the greatest common factor of 182 and 26?
26
What is the greatest common factor of 42 and 273?
21
What is the greatest common divisor of 108 and 144?
36
What is the greatest common divisor of 602 and 258?
86
What is the greatest common factor of 147 and 36750?
147
Calculate the highest common divisor of 250 and 2125.
125
What is the highest common divisor of 833 and 357?
119
Calculate the highest common factor of 1767 and 93.
93
What is the highest common divisor of 2 and 226?
2
What is the highest common divisor of 6 and 32?
2
Calculate the highest common factor of 297 and 10989.
297
Calculate the greatest common divisor of 350 and 45325.
175
What is the greatest common factor of 639 and 10437?
213
Calculate the highest common divisor of 10 and 2930.
10
What is the highest common factor of 3749 and 69?
23
Calculate the greatest common factor of 363 and 33.
33
What is the greatest common divisor of 13 and 4459?
13
Calculate the highest common divisor of 28 and 476.
28
Calculate the greatest common factor of 24 and 14424.
24
Calculate the highest common factor of 369 and 1599.
123
What is the highest common divisor of 135 and 477?
9
What is the highest common divisor of 3069 and 22?
11
What is the greatest common divisor of 84 and 48?
12
Calculate the highest common factor of 76 and 44.
4
What is the greatest common factor of 68 and 289?
17
Calculate the greatest common divisor of 3363 and 57.
57
What is the highest common factor of 56 and 63?
7
Calculate the highest common factor of 64 and 20.
4
What is the greatest common factor of 1763 and 731?
43
Calculate the highest common factor of 1119 and 15.
3
What is the highest common divisor of 182 and 78?
26
Calculate the highest common divisor of 207 and 18.
9
What is the greatest common factor of 115 and 598?
23
Calculate the greatest common factor of 4 and 1412.
4
Calculate the greatest common factor of 34 and 5933.
17
Calculate the greatest common factor of 1452 and 120.
12
What is the highest common factor of 2583 and 189?
63
Calculate the highest common divisor of 1978 and 230.
46
What is the greatest common factor of 510 and 750?
30
Calculate the greatest common factor of 1221 and 259.
37
Calculate the highest common divisor of 2 and 2.
2
What is the greatest common divisor of 33 and 18931?
11
Calculate the highest common factor of 7456 and 233.
233
What is the greatest common factor of 36 and 18?
18
What is the highest common factor of 65 and 1573?
13
Calculate the highest common divisor of 170 and 3434.
34
What is the greatest common factor of 690 and 299?
23
Calculate the highest common divisor of 67697 and 19.
19
What is the highest common factor of 627 and 1221?
33
What is the highest common factor of 96 and 18?
6
What is the highest common factor of 105 and 2085?
15
What is the greatest common factor of 272 and 459?
17
Calculate the greatest common divisor of 308 and 693.
77
What is the highest common factor of 89 and 2?
1
Calculate the highest common divisor of 769 and 2.
1
Calculate the greatest common divisor of 1232 and 352.
176
What is the greatest common factor of 720 and 90?
90
Calculate the greatest common factor of 154 and 143.
11
What is the highest common factor of 13 and 117?
13
What is the highest common divisor of 1218 and 145?
29
What is the greatest common factor of 184 and 40?
8
Calculate the greatest common factor of 16 and 136.
8
Calculate the highest common factor of 426 and 12.
6
What is the greatest common factor of 579 and 3?
3
What is the greatest common divisor of 56 and 2289?
7
Calculate the highest common divisor of 445 and 15.
5
Calculate the highest common divisor of 2288 and 403.
13
What is the highest common factor of 576 and 9?
9
Calculate the highest common divisor of 272 and 51.
17
Calculate the highest common factor of 22 and 11638.
22
What is the greatest common divisor of 986 and 238?
34
Calculate the highest common divisor of 657 and 441.
9
What is the highest common factor of 140 and 20?
20
Calculate the highest common factor of 79 and 4187.
79
Calculate the greatest common divisor of 11245 and 65.
65
What is the greatest common divisor of 112 and 96?
16
What is the greatest common divisor of 45 and 81?
9
Calculate the greatest common factor of 91 and 609.
7
What is the greatest common factor of 140 and 5495?
35
What is the highest common factor of 196 and 308?
28
Calculate the greatest common factor of 24 and 96.
24
Calculate the greatest common divisor of 23 and 1817.
23
Calculate the greatest common factor of 243 and 2997.
81
What is the greatest common factor of 46 and 2?
2
Calculate the highest common divisor of 80 and 752.
16
Calculate the greatest common divisor of 44 and 8.
4
What is the highest common divisor of 627 and 399?
57
Calculate the highest common factor of 487 and 4.
1
What is the highest common factor of 238 and 918?
34
Calculate the greatest common divisor of 6176 and 96.
32
What is the highest common divisor of 58 and 174?
58
What is the highest common divisor of 18 and 234?
18
What is the highest common factor of 1098 and 6?
6
What is the greatest common factor of 5394 and 1302?
186
What is the highest common divisor of 84 and 3318?
42
What is the greatest common factor of 160 and 96?
32
Calculate the highest common factor of 6450 and 6.
6
What is the greatest common factor of 23414 and 322?
46
What is the greatest common divisor of 684 and 152?
76
What is the highest common divisor of 70 and 7210?
70
Calculate the highest common divisor of 17 and 26639.
17
What is the highest common divisor of 56 and 104?
8
Calculate t